t y(s) = -2*s**3 - 7*s**2 - s - 3. Let z(g) = 3*n(g) - 4*y(g). Let h be z(3). What is o(h)?
-3
Let b(q) = q - 1. Let m be 6/(((-9)/(-4))/3). Let u be m/20 - (-8)/5. What is b(u)?
1
Let n(u) be the first derivative of -u**6/120 - u**2/2 + 1. Let g(s) be the second derivative of n(s). Give g(-1).
1
Let n(h) be the second derivative of h**4/12 - 5*h**3/6 + 3*h**2/2 + 15*h. Determine n(3).
-3
Suppose -r - r + 8 = 0. Suppose -2*j + 8 = -3*m, 2*m - 16 = -m - r*j. Suppose 4*o + m - 8 = 0. Let q(v) = v**2 - 3*v + 1. Determine q(o).
-1
Let u(j) = 3*j**2 - 6*j - 1. Suppose -5*o + 24 = -8*o. Let b(q) = 5*q**2 - 9*q - 2. Let m(g) = o*u(g) + 5*b(g). Suppose -x + 4 = x. Calculate m(x).
8
Let a(q) = -3*q**2 + 14*q**2 + q**3 - 6*q**2 - q**2. Calculate a(-4).
0
Let l(j) be the first derivative of -j**4/4 - 7*j**3/3 - 3*j + 59. Let c be 4/(-10) - (-33)/(-5). What is l(c)?
-3
Let a(f) = -f - 3. Let b be a(-9). Let w be (3/6)/((-1)/b). Let j(g) = -g**2 + 2*g**2 + 1 + 3 - 3*g + 8*g. What is j(w)?
-2
Let x(z) be the second derivative of -z**3/6 + 5*z**2/2 - 6*z. What is x(5)?
0
Let w(y) = -7*y**3 + 10*y**2 - 4*y - 5. Let l(u) = 4*u**3 - 3*u**2 - 2 + 4 - 5*u**2 + 2*u + 3*u**2. Let z(h) = -5*l(h) - 3*w(h). Give z(4).
-3
Let u be ((-4)/(-3))/((-16)/(-24)). Let q(b) = -u + 8*b + b + b - 5*b. What is q(2)?
8
Let z(c) = -c**2 - 8*c + 6. Let o be z(-8). Let k(s) = -o + 3 - 4 - s**3 + 0*s**3. What is k(0)?
-7
Let u(q) = 15*q - 30*q + 10*q + 10*q + 1. Let x(d) = d + 6. Let w be x(-5). Calculate u(w).
6
Suppose -3*v + 2*v - 8 = 2*r, 0 = -3*v + 5*r + 31. Let p(s) = -s**3 + 1 + 3*s**2 - 4*s**2 - s**v. Calculate p(-2).
1
Let w(o) = o**3 - 3*o**2 + o + 4. Let n = -12 - -15. Give w(n).
7
Let i(h) = -h + 3. Let g be ((-3)/9)/((-1)/(-6)). Let j(c) be the third derivative of c**4/12 - c**3/6 - 2*c**2. Let x be j(g). What is i(x)?
8
Let o(d) = -2*d + 2*d + 0*d - 3*d. Calculate o(-2).
6
Let n(v) = -v**2 - 7*v - 2. Let k(b) = 2*b + 8. Let i be k(-7). Give n(i).
4
Let h(t) = t**3 + 4*t**2 - 4*t. Suppose -6*v + v = 0. Let p be v - 1/(-2)*-10. Determine h(p).
-5
Suppose -3 = 4*m + 5. Let n(u) = -7*u - 3. Determine n(m).
11
Let h(b) = -b**2 - b - 3. Let x be h(0). Let f = 6 + x. Let r(i) = -i - 2. Calculate r(f).
-5
Let n be 82/(-7) - 6/21. Let l be (5/2)/((-3)/(-12)). Let z = l + n. Let d(c) = c - 1. What is d(z)?
-3
Let u(g) = 7 + 238*g - 4 - 235*g. Calculate u(4).
15
Let r(d) = 5 + 11 - 8 + 5*d**2 + 4*d - d**3. Give r(6).
-4
Let d(f) = 0*f**2 - 3 - 14*f + 21*f - f**2. Calculate d(6).
3
Suppose 1 = 3*q - 8. Let a = 2 + q. Let d(z) = 2 + a*z + 5*z**2 + 4*z**2 - 4*z**2 - z**3. Calculate d(6).
-4
Let x = -37 + 30. Let t(j) = j + 10. Determine t(x).
3
Let t(p) = 2*p + 1. Let i be (0 - -2)*2/4. Suppose 5*m - i = 24. Suppose 34 = -m*r + 9. Calculate t(r).
-9
Let n be (-2)/(((-42)/(-24))/(-7)). Let i(u) = -u**3 + 9*u**2 - 9*u + 10. Give i(n).
2
Suppose -7*a = -3*a + 56. Let t be 80/a + (-12)/42. Let r = 11 + t. Let g(d) = d**3 - 4*d**2 - 6*d + 6. Determine g(r).
1
Let w be (-3 + 0 - -2)/(-1). Let q be w*-2 - (3 - 5). Let k(u) = u - 4. Give k(q).
-4
Let x(l) be the third derivative of -l**7/5040 - l**6/144 - l**5/15 - 2*l**2. Let j(k) be the third derivative of x(k). What is j(-6)?
1
Let f(g) = 2*g**3 - g**2 + 2*g + 3. Let j(x) = -x + 9. Let b be j(11). Determine f(b).
-21
Let x = 7 - 5. Let u(t) = -2*t + 3*t - t**x + 3*t. Let m be 0 - -7 - 4/2. Calculate u(m).
-5
Let j be 24/(-9) - 8/(-12). Let v(x) = -x**3 - 3*x**2 + 2*x + 1. Give v(j).
-7
Let i(r) = 2*r**3 + 4*r**2 + 4*r. Let q(o) = 3*o**3 + 8*o**2 + 8*o + 1. Let d(x) = -5*i(x) + 3*q(x). What is d(5)?
-2
Suppose 24 = 4*b + 4*k - k, b - 11 = -2*k. Let m(d) be the first derivative of -1/3*d**b - 2 - 2*d - 3*d**2. Determine m(-3).
7
Let o(n) = -n**3 - 6*n**2 - 4*n + 2. Let c be o(-5). Let m be c + (0 - -1) + -1. Let w(x) = 2*x + 3. What is w(m)?
-3
Let r(c) = -5*c + 0*c - 158*c**2 + 4 + 159*c**2. Determine r(6).
10
Suppose 6*t - t - 25 = 0. Let x(g) = 0*g + 5*g - 8 - 4*g. Calculate x(t).
-3
Suppose 0 = 4*m + 3*p - 15, 5*m - 19 = -3*p - p. Let u(v) = -v - 1. Let l be u(m). Let c(f) be the second derivative of f**3/6 - f**2 + 5*f. Determine c(l).
-6
Let c(d) = 2*d + 7. Let o(v) = 4*v + 15. Let n(f) = -5*c(f) + 3*o(f). What is n(-8)?
-6
Let d(j) = 1 + 5 + 7 - 12 - 6*j. Calculate d(-1).
7
Suppose -4*h + 28 = 4*k, k - 8 = -4*h + 5. Suppose k*f + 27 = -0*f + 3*g, -f = -5*g + 1. Let j = -3 - f. Let c(z) = z**3 - 3*z**2 + 2*z. Calculate c(j).
6
Let i(v) = v - 4. Let s be 0 - 1 - (-8)/2. Let t be i(s). Let l(o) = -6*o**3 - o**2. What is l(t)?
5
Let b = 46 + -49. Let n(w) = 5*w - 2. Determine n(b).
-17
Let b(h) be the first derivative of 3 + 0*h**2 - 1/8*h**4 + 1/3*h**3 + 1/120*h**5 + 0*h. Let m(w) be the third derivative of b(w). Give m(-4).
-7
Let g(s) = 9*s - 3 + 0 - 2 - 8*s. Calculate g(0).
-5
Let m(d) = -d**2 + 7*d - 2. Let b be m(6). Let n = 0 + b. Let l(o) = 0*o - 4 + n + 4 + 2*o. Calculate l(-5).
-6
Let j = -6 - -34. Suppose 5*l + 0*t - j = t, 3*l - 5*t - 8 = 0. Let f(u) = -4*u + u - 1 + u**2 - l. Determine f(5).
3
Suppose f + 3 + 2 = 0. Let i(z) be the second derivative of 0 + 0*z**2 + 1/3*z**4 + z + 1/20*z**5 - z**3. Calculate i(f).
5
Let b(a) = a**3 - 4*a**2 - a + 3. Let n = -6 + 9. Calculate b(n).
-9
Let h(i) be the third derivative of 1/8*i**4 + 1/3*i**3 + 0 + 0*i + 3*i**2. Determine h(-3).
-7
Let m(u) be the first derivative of u**3/3 - 7*u**2/2 + 2*u - 23. Calculate m(6).
-4
Suppose -l - 4*l + 5*d - 25 = 0, -5*l + 3*d - 27 = 0. Let g(r) be the first derivative of -r**4/4 - 2*r**3 - 5*r - 4. Give g(l).
-5
Let u(y) = -y**3 - 7*y**2 - y - 5. Let t be u(-7). Let a(o) = -o**2 - 1 - 3 - o**t + o**2 + 8*o. Determine a(6).
8
Suppose d = 7 + 1. Suppose -d = -2*p - 2*o, 2*p + 3*o + 4 - 13 = 0. Let u(b) = 1 - 5*b + 8*b - 5. Determine u(p).
5
Suppose -4*u = -3*l - 21, 5*l - u = -0 - 18. Let y(v) = -18*v**2 - 1 - 4*v + 0*v + 30*v**2 - 14*v**2. Calculate y(l).
-7
Let m be ((-3)/(-2))/((-3)/6). Suppose 5*l + d = 13, -4*d + 6 + 6 = 0. Let q(b) = 3*b**2 - l*b - b**3 - b - 4*b**2 - 2*b**2. What is q(m)?
9
Let w(x) = x - 1. Let t be w(-4). Let o(p) = p**2 - p - 1. Let q(y) = 7*y**2 + y - 4. Let h(a) = t*o(a) + q(a). Let u = -10 - -6. What is h(u)?
9
Let b(z) = z. Let a be b(-3). Let s be (-12)/(-9) - 2/a. Let r(v) = 4 - v + s - v**2 - 4. What is r(-3)?
-4
Let f = -1 + 3. Let r(d) = -6*d + 2*d - 5 - d**f - d**3 + 2 - 5*d**2. Calculate r(-2).
-11
Suppose -5*z + 59 - 9 = 4*v, 0 = 2*v - 10. Let a(k) = k**2 - 5*k + 2. Give a(z).
8
Suppose 2*r - 5*r + 6 = 0. Let y(k) = -k - k**2 - 4 - 2*k**r + 2*k**2. What is y(-3)?
-10
Suppose -3*w + 8*w + 5*d = 0, -4 = w + 2*d. Let i(p) = 0*p + 2 - p - p. Calculate i(w).
-6
Let c be 2 + -1 - (-21)/(-3). Let o = c - -4. Let k(z) = z - 2. What is k(o)?
-4
Let v be 3*(-3)/(-9) + 1. Let i(n) = 0*n + 4*n + v + 4. Let g = 8 + -12. Determine i(g).
-10
Suppose 2*s - 7*s - 30 = 0. Let p(l) = -1 - 5*l + 3*l**2 + 4*l**3 + 2*l**2 - 3*l**3. Give p(s).
-7
Let i be (7 - 2)*4/10. Let m(t) = 2*t**2 + 4*t**2 - 7*t + 2 + 3*t - 5*t**i. What is m(5)?
7
Let f(n) = 3*n - 7. Let d = 16 - 12. Suppose q = -d*q + 25. Give f(q).
8
Suppose -2*t - 4 = -4*t. Let n(w) = -3*w**2 - 3*w - 4 + 2*w**t + 0*w**2. Determine n(-3).
-4
Let f(l) = -22*l. Let b be f(-1). Let v = b - 27. Let q(j) be the third derivative of -j**5/60 - j**4/6 - j**3/6 + j**2. Give q(v).
-6
Suppose -x + 4 = -3*p - 8, p + 2*x - 3 = 0. Let u = 6 + -3. Let t(g) = -2*g + 1 + u*g + 3*g. Determine t(p).
-11
Suppose -5*p + 15 = -5*h, 3 + 22 = -5*h. Let c be 10/3 + p/6. Let t(a) = 2*a**2 + a**2 - 4 - a**3 + 0 + 2*a. Calculate t(c).
2
Let q(s) = -s**2 + 6*s - 3. Let a be q(4). Let x(y) = 4*y**2 + 5*y + 1. Let d(m) = 3*m**2 + 5*m. Let g(w) = 5*d(w) - 4*x(w). Calculate g(a).
-4
Let z(b) = -2*b**3 + 5*b**2 - 7*b + 7. Let d(h) = 6*h**3 - 14*h**2 + 20*h - 20. Let j(g) = -4*d(g) - 11*z(g). What is j(2)?
-15
Let r(x) = x**2 - x + 1. Let f be 498/(-30) - 4/10. Let p = f - -18. Give r(p).
1
Let a(o) = 2*o**3 - 5*o**2 + 4*o - 4. Let t = 25 + -21. Suppose -x = w, 4*x = -w - 5 - t. What is a(w)?
17
Let l(z) = 2*z - 6. Suppose 0 = 4*j - 9 - 15. Let h(u) = u**3 - 3*u**2 - 5*u + 3. Let g be h(4). Let n = j + g. Determine l(n).
4
Let f(r) = 3*r**2 - r + 4 - 1 - r**3 - 2*r**2. Let s be f(0). Let k(l) = -s*l - 3 - 